rime factors of n(9).
3, 127
Suppose 3*p - 30 = 2*x, 0 = -4*p - 3*x + 26 - 3. Suppose 0 = -3*q + p*q - 10. Suppose -180 = -4*s + 2*n, -q = -n + 2. What are the prime factors of s?
47
Let o = 25 - 25. Suppose o = -2*s + 252 + 40. What are the prime factors of s?
2, 73
Suppose -7*t + 5 = -6*t. Let f(v) = v**2 - 3*v + 6. What are the prime factors of f(t)?
2
Suppose 4*f = -v + 10, -3*v + 0*f + 4 = -f. Suppose -48 = -2*d + 28. Suppose -p + d = v. List the prime factors of p.
2, 3
Let u be 2/(-14) - (10448/(-28) + -2). Let c = u + -176. List the prime factors of c.
199
Let k(b) = -b**2 + 12*b + 99. What are the prime factors of k(14)?
71
Let m(g) = -4*g - 9. Let o be ((-22)/(-4))/1*2. Let a = o - 19. List the prime factors of m(a).
23
Let c(s) = -2*s**3 - 8*s**2 + 5*s - 3. Let f be c(-8). Let l = f - 227. What are the prime factors of l/6 + (-5)/15?
2, 5
Let f = -4 - -18. Let d be ((-6)/(-5))/(f/245). Suppose l - 16 = d. List the prime factors of l.
37
Let b be (-2)/(-4) - 294/(-28). Suppose 3*z - v = 18, -5*v - 7 = -3*z + b. Suppose z*o - 9 = 5*o. List the prime factors of o.
3
Suppose 0 = 5*h - 4*a + 1, 8*a = -4*h + 9*a + 8. Suppose -i + h*s + 30 = 0, 5*s = 6*s + 4. List the prime factors of i.
2, 3
Let b(i) = 6*i - 14. Let d be b(4). Suppose 6*k = d*k - 220. What are the prime factors of k?
5, 11
Suppose 3*k + 468 = 12*k. Let s = 94 + k. What are the prime factors of s?
2, 73
Let q be (-48)/28*(30/(-4) - 3). Suppose 0*p - 40 = 4*p. Let d = q + p. List the prime factors of d.
2
Suppose -89 = -4*n + 5*c, -2*c = 17 - 7. List the prime factors of n.
2
Suppose -4*p + h = -1328 - 1660, 3*p = -4*h + 2241. List the prime factors of p.
3, 83
Let r(g) = g**2 + 2*g - 1. Let u be r(-3). Suppose u*a - 42 = 5*a. List the prime factors of 16/28 + (-272)/a.
2, 5
Suppose 20*g = 34*g - 25256. List the prime factors of g.
2, 11, 41
Suppose 10 - 15 = -b, 2*n - b = 1003. List the prime factors of n.
2, 3, 7
Let k(c) = -2*c**3 - 8*c**2 + 10*c - 131. What are the prime factors of k(-11)?
1453
Let b = -92 - -323. What are the prime factors of b?
3, 7, 11
Let o(z) = 3*z**2 - 4*z + 2. Let i(l) = -4*l**2 + 4*l - 3. Let p(w) = -5*i(w) - 6*o(w). List the prime factors of p(5).
73
Suppose l + 5*m + 24 = 0, -4*m = -9*m - 25. List the prime factors of (15/(-3))/((-1)/l).
5
Suppose -2*p = -s - 53, 57 = 3*p - p - 5*s. List the prime factors of p.
2, 13
Suppose 7*o - 9*o + 8 = 0. Suppose -o*c = -0*c. What are the prime factors of 9*3 - (c - -1)?
2, 13
Suppose 3 = p - 3. Suppose -r = p - 3. What are the prime factors of 60/(-25)*40/r?
2
Suppose -3 = -d + 2*d, 2*d - 39 = -3*n. Let b = n + -19. List the prime factors of 3/b - (-79)/4.
19
Let a(c) = 4*c**2 - 5*c + 3. Let o be a(-13). Suppose o = 2*t + 2*t. What are the prime factors of t?
2, 3, 31
Let f be 1763 + 11 + (-2)/((-2)/2). Suppose -48*z - f = -56*z. What are the prime factors of z?
2, 3, 37
Let a(q) = q**3 - 3. Let o be a(-3). Let k = -37 - o. What are the prime factors of (-539)/k + 2*-2?
73
Let a = -88 + 158. Suppose 0 = -m + a + 69. What are the prime factors of m?
139
Suppose u + 268 = 2*u. List the prime factors of (-1)/(((-20)/u)/5).
67
Suppose 2*k - 63 = -5*n, 0 = -3*k - 28*n + 29*n + 120. What are the prime factors of k?
3, 13
Suppose 1651 = v + 4*o - 453, -o = 4. What are the prime factors of v?
2, 5, 53
Suppose -8431 = -3*p + 4*r + 1654, -6714 = -2*p - 2*r. What are the prime factors of p?
3359
Let w be (1/(-3))/((-5)/(-30)). Let g be (-79)/w + 3/2. Suppose 3*q = 2*q + g. What are the prime factors of q?
41
Suppose -117 = -l + 265. List the prime factors of l.
2, 191
Suppose 17 = d + 12. Suppose 29 - 4 = d*v. Suppose 0 = -4*x - 16, 0 = i + v*x + 3 + 4. List the prime factors of i.
13
Let t = 542 - 298. Suppose -8 - t = -4*d. List the prime factors of 42/14 + d + -1.
5, 13
Suppose -10 = x - 6*x. Suppose -x*w - 5 = -13. Suppose -5*n + 4 = -4*q + 23, 20 = 4*q - w*n. What are the prime factors of q?
2, 3
Suppose 2*o - 7 = 73. Let a = o - 22. List the prime factors of a.
2, 3
Let n(y) = -5*y - 7. Let i be n(-12). Suppose -b + i - 5 = 0. List the prime factors of b.
2, 3
Suppose -23*u = -31*u + 16072. List the prime factors of u.
7, 41
Suppose -z = -3*z + 5646. What are the prime factors of z?
3, 941
Let p(f) = -6*f + 26. Let h be p(4). Suppose 2*b - 5*a - 731 = -2*b, -3*b + h*a + 557 = 0. What are the prime factors of b?
3, 7
Let f(k) = -k**3 + 12*k**2 + 16*k - 44. Let v be f(13). Let j = -1 + 2. List the prime factors of (v*(-4)/4)/j.
5
Let i(c) = -2 - 3*c**2 + 2*c**2 + 2 - 8*c - 12. Let q be i(-8). List the prime factors of 4*(-15)/q*2.
2, 5
Suppose b + 696 - 695 = 0. Let f(a) = 2*a + 26*a**2 + 0*a + 18*a**2. List the prime factors of f(b).
2, 3, 7
Let l(u) = 5*u**2 - u - 4. Let g(w) = 11*w**2 - 2*w - 8. Let t(p) = -6*g(p) + 13*l(p). Let y be t(0). List the prime factors of 3/y*16/(-4).
3
Let v = -1 + 3. What are the prime factors of 3/v*280/7?
2, 3, 5
Let f = -225 - -342. What are the prime factors of f?
3, 13
Suppose 0 = -v + 5, 26 - 232 = -x - 4*v. Suppose x - 30 = 6*r. List the prime factors of r.
2, 13
What are the prime factors of -305*16/10*-1?
2, 61
Suppose n - 36 = 8. List the prime factors of n + -4 + -2 + 2.
2, 5
Let f(p) = -p**3 + 24*p**2 + 25*p + 23. Let s be f(25). Let m = s + 65. What are the prime factors of m?
2, 11
Suppose -1348 = 64*b - 164228. List the prime factors of b.
5, 509
Let t(v) = 4*v**2 + 16*v + 12. Let f be t(12). Suppose -7*s + s = -f. List the prime factors of s.
2, 5, 13
Suppose 0 = -5*o - 4*l + 5144, 2*o = -0*o - 4*l + 2048. List the prime factors of o.
2, 3, 43
Let m(k) = -k**2 + 7*k + 11. Let t be m(8). Suppose 0 = -t*r - 2*c + 61, r = -0*r + c + 12. What are the prime factors of r?
17
Suppose -13*p + 17*p = 2828. List the prime factors of p.
7, 101
Let t(b) = 57*b - 14. Let n be t(10). Suppose 0 = 5*h - l - n, 4*h - 6 = -4*l + 434. Suppose -3*w = -0*w - h. List the prime factors of w.
37
List the prime factors of (77/(-7) + -3383)*(1 - 2).
2, 1697
Let b(u) = -u**2 + 25*u + 42. Suppose g - 11 = -2*k, g = 3*g + 2*k - 32. List the prime factors of b(g).
2, 3, 7
Let r be (5/2)/((-1)/(-10)). Let b = -56 + 58. Suppose -3*t - 6*k + 85 = -b*k, -t = -2*k - r. What are the prime factors of t?
3
Let d(v) be the first derivative of -2/3*v**3 - 1 - v**2 + 2*v - 1/4*v**4. What are the prime factors of d(-3)?
17
Let g(w) = w**3 + 4*w**2 - 14*w - 10. Let k be g(-6). Suppose 2*x - 3*f = 373, k*x + 3*f = 4*f + 363. What are the prime factors of x?
179
Suppose -38*d = -40*d + 200. Suppose d = -2*m + 7*m. List the prime factors of m.
2, 5
Let g = -174 + 113. Let h = g - -69. What are the prime factors of h?
2
Let a(p) = 10*p**2 + 6. Let w be a(4). Suppose 4*g - 3*l = w, -2*l - 13 - 26 = -g. What are the prime factors of g?
43
Suppose 0 = 2*v + v - 60. Let s = 28 - v. Let b(y) = -2*y + 27. List the prime factors of b(s).
11
Suppose -4*o - 3*x = -1011 - 656, 2*o + 3*x = 835. Suppose 4*u + 334 = 3*s, -4*s + o = -u + 3*u. What are the prime factors of s?
2, 53
Let q = 4428 + -2415. What are the prime factors of q?
3, 11, 61
Let t be (-2 + 1)*(5 - 4). Let z be (40/(-8))/(1/t). Suppose 0 = -3*x + 7*x - 4, -250 = -z*o - 5*x. List the prime factors of o.
7
Let j(z) = z + 5. Let k be j(-3). Let m be (k/3)/(6/1071). Let c = -65 + m. What are the prime factors of c?
2, 3
Suppose -u + 4 = 0, -2*u + 29 = -i + 4*i. Let v = 2 + i. List the prime factors of v.
3
Let w(d) = -d + 2. Let z be (-1)/(-1) - (-5 - 0). Let v be w(z). Let r(b) = -b**3 - 2*b**2 - 2*b - 2. What are the prime factors of r(v)?
2, 19
What are the prime factors of (-2 + 0 + -6)/((-3)/129)?
2, 43
Let h(q) = -3*q - 2. Let k(t) = -5*t - 3. Let b(m) = 8*h(m) - 5*k(m). Let y be b(10). List the prime factors of -2 - 1 - y/(-1).
2, 3
Let w = 339 - 605. Let j = w + 384. What are the prime factors of j?
2, 59
Let f = 79 + -46. Let g be (-41 + 1)*f/44. Let m = g - -51. What are the prime factors of m?
3, 7
Let i = 270 + 102. List the prime factors of i.
2, 3, 31
Let q(g) = 74*g + 114. What are the prime factors of q(11)?
2, 29
Suppose -3*f + 367 = 4*x + 10, 0 = -4*x + 4*f + 364. Suppose -3*l + 57 = 3*n, 4*l + 5*n - x = 8*n. What are the prime factors of l?
3, 7
Suppose 4*z - 2*z - 6 = -q, -3*q - 14 = -2*z. Suppose -l + 8 + 5 = b, 5*b - 63 = -z*l. Let 